{"id":1462,"date":"2021-01-08T09:29:11","date_gmt":"2021-01-08T09:29:11","guid":{"rendered":"http:\/\/chem.iitm.ac.in\/Faculty\/ghosh\/?page_id=1462"},"modified":"2026-02-17T11:13:28","modified_gmt":"2026-02-17T11:13:28","slug":"publications-2025","status":"publish","type":"page","link":"https:\/\/chem.iitm.ac.in\/Faculty\/ghosh\/?page_id=1462","title":{"rendered":"Publications 2024-2025"},"content":{"rendered":"<div id=\"pl-gb1462-6a07e52096887\"  class=\"panel-layout\" ><div id=\"pg-gb1462-6a07e52096887-0\"  class=\"panel-grid panel-no-style\" ><div id=\"pgc-gb1462-6a07e52096887-0-0\"  class=\"panel-grid-cell\" ><div id=\"panel-gb1462-6a07e52096887-0-0-0\" class=\"so-panel widget widget_text panel-first-child panel-last-child\" data-index=\"0\" >\t\t\t<div class=\"textwidget\"><\/div>\n\t\t<\/div><\/div><\/div><\/div>\n\n<div id=\"pl-gb1462-6a07e52096e83\"  class=\"panel-layout\" ><div id=\"pg-gb1462-6a07e52096e83-0\"  class=\"panel-grid panel-no-style\" ><div id=\"pgc-gb1462-6a07e52096e83-0-0\"  class=\"panel-grid-cell\" ><div id=\"panel-gb1462-6a07e52096e83-0-0-0\" class=\"so-panel widget widget_text panel-first-child panel-last-child\" data-index=\"0\" >\t\t\t<div class=\"textwidget\"><ol style=\"line-height: 30px;\" reversed=\"\" start=\"305\">\n<li style=\"text-align: justify; line-height: 18px; margin-top: 18px;\">Boron-Rich Metallaboranes from \u03ba\u00b2-N,E-chelated Ru Complexes (E = S or Se): A Direct Route to Ruthenaboranes: A. Ahmad, U. Gupta, and S. Ghosh, <em> Inorg. Chem.<\/em>, <strong>2025<\/strong>, <em>64<\/em>, 18735. [<a href=\"https:\/\/pubs.acs.org\/doi\/10.1021\/acs.inorgchem.5c02266\">pdf<\/a>]<\/li>\n<li style=\"text-align: justify; line-height: 18px; margin-top: 18px;\">Cluster versus Coordination: The Chemistry of Cyclopentadienyl Titanium and Vanadium Complexes with B- and C-functionalized Carborane-thiols, [C<sub>2<\/sub>B<sub>10<\/sub>H<sub>12-n<\/sub>(SH)<sub>n<\/sub>] (n = 2 or 3): S. Bairagi, D.K. Patel, D. Chatterjee, M. Ku\u010der\u00e1kov\u00e1, J. Mach\u00e1\u010dek, T. Base, T. Pradeep and S. Ghosh, <em>Chem. Sci.<\/em>, <strong>2025<\/strong>, <em>16<\/em>, 14127. [<a href=\"https:\/\/pubs.rsc.org\/en\/content\/articlelanding\/2025\/sc\/d5sc03562g\">pdf<\/a>] [<a href=\"https:\/\/pubs.rsc.org\/en\/journals\/articlecollectionlanding?sercode=sc&amp;themeid=fecfe7f1-b9d9-4875-9fac-302849fb3100\"><em> Most popular 2025 inorganic chemistry articles<\/em><\/a>] &#038; [<a href=\"https:\/\/pubs.rsc.org\/en\/journals\/articlecollectionlanding?sercode=sc&amp;themeid=a131bcbd-b300-4c1e-baf6-f1f83f4fb0f8\"><em>2025 Chemical Science HOT Article Collection<\/em><\/a>]<\/li>\n<li style=\"text-align: justify; line-height: 18px; margin-top: 18px;\">Cooperative B-H Bond Activation: A Direct Route to Monometallic Diborane(5) and Dihydroborate Complexes: S. Saha, P. Chakrabortty, and S. Ghosh, <em>Chem. Eur. J.<\/em>, <strong>2025<\/strong>, <em>31<\/em>, e02125. [<a href=\"https:\/\/chemistry-europe.onlinelibrary.wiley.com\/doi\/10.1002\/chem.202502125?af=R\">pdf<\/a>]<\/li>\n<li style=\"text-align: justify; line-height: 18px; margin-top: 18px;\">Syntheses, Structures, and Theoretical Insights of Homobimetallic Ruthenium Complexes Comprising Mercaptobenzothiazolyl Ligand: A. Ahmad, U. Gupta, S. Jaiswal and S. Ghosh, <em> Organometallics<\/em>, <strong>2025<\/strong>, <em>44<\/em>, 1362. [<a href=\"https:\/\/doi.org\/10.1021\/acs.organomet.4c00455\">pdf<\/a>]<\/li>\n<li style=\"text-align: justify; line-height: 18px; margin-top: 18px;\">Diborane and Bis(boryl) Complexes of Osmium Stabilized in the Coordination Sphere of [Cp*Os] (Cp* = <i>\u03b7<\/i><sup>5<\/sup>-C<sub>5<\/sub>Me<sub>5<\/sub>): D. Chatterjee, S. Shyamal and S. Ghosh, <em> Organometallics<\/em>, <strong>2025<\/strong>, <em>44<\/em>, 1075. [<a href=\"https:\/\/doi.org\/10.1021\/acs.organomet.5c00076\">pdf<\/a>]<\/li>\n<li style=\"text-align: justify; line-height: 18px; margin-top: 18px;\">Heavier Chalcogenate-Bridged Manganese Carbonyl Complexes: Synthesis, Reactivity and Electrochemical Investigation: S. Mishra, T. Dolkar, A. Pareek, R. Maji, A. Dutta and S. Ghosh, <em> Chem. Asian J.<\/em>, <strong>2025<\/strong>, <em>0<\/em>, e202401820. [<a href=\"https:\/\/doi.org\/10.1002\/asia.202401820\">pdf<\/a>]<\/li>\n<li style=\"text-align: justify; line-height: 18px; margin-top: 18px;\">Hypoelectronic Titanaboranes: Icosahedral and Tetracapped Tetrahedral Clusters Comprising Bridging Hydrides: S. Bairagi, D. Chatterjee, S. Giri and S. Ghosh, <em>Chem. Commun.<\/em>, <strong>2025<\/strong>, <em>61<\/em>, 3696.[<a href=\"https:\/\/doi.org\/10.1039\/D4CC06535B\">pdf<\/a>] [<a href=\"https:\/\/x.com\/hashtag\/FeaturedStructureFriday?src=hashtag_click&quot;\"><em><em>Featured Structure Friday<\/em><\/em><\/a>]<\/li>\n<li style=\"text-align: justify; line-height: 18px; margin-top: 18px;\">Cooperative B-H Activation: Ligand Diversity in Groups 6 and 8 Transition Metal \u03ba<sup>2<\/sup>&#8211;<em>N,E<\/em>-chelated Complexes (E = S or Se): S. Saha, S. Mohapatra, M. Kumar, D. Yadav and S. Ghosh, <em>Inorg. Chem.<\/em>, <strong>2025<\/strong>, <em>64<\/em>, 2618. [<a href=\"https:\/\/doi.org\/10.1021\/acs.inorgchem.4c03546\">pdf<\/a>]<\/li>\n<li style=\"text-align: justify; line-height: 18px; margin-top: 18px;\">A Pair of Dinuclear Fe(II) Enantiomers: Syntheses and Structures of \u039b\u0394\/\u0394\u039b-Bis(Dihydridoborate) Complexes: U. Kaur, S. Gayen, H. Sharma, K. Vanka and S. Ghosh, <em>Chem. Eur. J.<\/em>, <strong>2025<\/strong>, <em>31<\/em>, e202404469. [<a href=\"https:\/\/doi.org\/10.1002\/chem.202404469\">pdf<\/a>]<\/li>\n<li style=\"text-align: justify; line-height: 18px; margin-top: 18px;\">Recent Advances of B-P Coupling Reactions: Conventional and Efficient Alternative Routes: S. Gayen and S. Ghosh, <em>Eur. J. Inorg. Chem.<\/em>, <strong>2025<\/strong>, <em>28<\/em>, e202400732. [<a href=\" https:\/\/doi.org\/10.1002\/ejic.202400732\">pdf<\/a>]<\/li>\n<li style=\"text-align: justify; line-height: 18px; margin-top: 18px;\">The Insertion Reactions of GeCl<sub>2<\/sub> with Mono- and Bis-<em>\u03ba<\/em><sup>2<\/sup>-N,S-Chelated Ru(II) Complexes: A. Ahmad, F. Assanar, U. Gupta, P. Shukla, S. Nagendran and S. Ghosh, <em>Eur. J. Inorg. Chem.<\/em>, <strong>2025<\/strong>, <em>28<\/em>, e202400660. [<a href=\" https:\/\/doi.org\/10.1002\/ejic.202400660\">pdf<\/a>]<\/li>\n<li style=\"text-align: justify; line-height: 18px; margin-top: 18px;\">Stabilization of Ethane-like Dianionic Diborane(6) in Monometallic Titanium Complexes and its Subsequent B(sp<sup>3<\/sup>)-B(sp<sup>3<\/sup>) Bond Cleavage: S. Bairagi, S. Giri, G. Joshi, E. D. Jemmis and S. Ghosh, <em>Angew. Chem. Int. Ed.<\/em>, <strong>2025<\/strong>, <em>64<\/em>, e202417170. [<a href=\" https:\/\/doi.org\/10.1002\/anie.202417170\">pdf<\/a>]<\/li>\n<li style=\"text-align: justify; line-height: 18px; margin-top: 18px;\">Osmium Borallyl Complexes: Structure and Bonding of [L(PPh<sub>3<\/sub>)(H)Os(<em>\u03b7<\/em><sup>n<\/sup>-B<sub>3<\/sub>H<sub>5<\/sub>L\u2019<sub>2<\/sub>)], (L = H, Cp*; n = 5, 3; L\u2019 = C<sub>5<\/sub>H<sub>4<\/sub>NS, H)(Cp* = <em>\u03b7<\/em><sup>5<\/sup>-C<sub>5<\/sub>Me<sub>5<\/sub>): S. Gayen, S. Shyamal, F. Assanar and S. Ghosh, <em>Organometallics<\/em>, <strong>2024<\/strong>, <em>43<\/em>, 2935. [<a href=\"https:\/\/pubs.rsc.org\/en\/journals\/articlecollectionlanding?sercode=sc&#038;themeid=508cdebd-d0e5-4dd3-9a67-a4fbfb234746\"><em>Most popular 2024 inorganic chemistry articles.<\/em><\/a>]  [<a href=\"https:\/\/doi.org\/10.1021\/acs.organomet.4c00385\">pdf<\/a>]<\/li>\n<li style=\"text-align: justify; line-height: 18px; margin-top: 18px;\">Osmaborane Clusters with B4 and B5 Rings Stabilized in the Coordination Sphere of {OsL<sub>n<\/sub>} (L<sub>n<\/sub> = <em>\u03b7<\/em><sup>5<\/sup>-C<sub>5<\/sub>Me<sub>5<\/sub> or H<sub>2<\/sub>(PPh<sub>3<\/sub>)<sub>2<\/sub>): S. Shyamal, D. Chatterjee, K. Kar and S. Ghosh, <em>Inorg. Chem.<\/em>, <strong>2024<\/strong>, <em>63<\/em>, 21838. [<a href=\"https:\/\/doi.org\/10.1021\/acs.inorgchem.4c02140\">pdf<\/a>]<\/li>\n<li style=\"text-align: justify; line-height: 18px; margin-top: 18px;\">Small Ring Molecules Comprising 3-6 Boron Atoms: An Account on Synthesis, Structure, and Orbital Engineering: S. Kar, S. Bairagi, G. Joshi, E. D. Jemmis, H. Himmel and S. Ghosh, <em>Acc. Chem. Res.<\/em>, <strong>2024<\/strong>, <em>57<\/em>, 2901. [<a href=\"https:\/\/doi.org\/10.1021\/acs.accounts.4c00497\">pdf<\/a>]<\/li>\n<li style=\"text-align: justify; line-height: 18px; margin-top: 18px;\">Metal-Rich Fused Clusters: Syntheses, Structures and Bonding of Heteronuclear Condensed Metallaboranes: S. Jaiswal, A. N. Pradhan and S. Ghosh, <em>Organometallics<\/em>, <strong>2024<\/strong>, <em>43<\/em>, 2086. [<a href=\"https:\/\/doi.org\/10.1021\/acs.organomet.4c00288\">pdf<\/a>]<\/li>\n<li style=\"text-align: justify; line-height: 18px; margin-top: 18px;\">Quantifying Variation in Cooperative B-H Bond Activations by Os(II) and Os(III) <em>\u03ba<\/em><sup>2<\/sup>-N,S-chelated Complexes: Same, but Different: S. Gayen, F. Assanar, S. Shyamal, P. D. Dorairaj and S. Ghosh, <em>Chem. Sci.<\/em>, <strong>2024<\/strong>, <em>15<\/em>, 15913. [<a href=\"https:\/\/doi.org\/10.1039\/D4SC05092D\">pdf<\/a>]<\/li>\n<li style=\"text-align: justify; line-height: 18px; margin-top: 18px;\">Beyond S and Se: Electrocatalytic Hydrogen Production by Tellurolate-Bridged Co(III)-Mn(I) Heterodinuclear Complexes: S. Mishra, T. Dolkar, A. Pareek, R. Bonthapally, D. Maity, A. Dutta and S. Ghosh, <em>Inorg. Chem.<\/em>, <strong>2024<\/strong>, <em>63<\/em>, 16918. [<a href=\"https:\/\/doi.org\/10.1021\/acs.inorgchem.4c02931\">pdf<\/a>]<\/li>\n<li style=\"text-align: justify; line-height: 18px; margin-top: 18px;\">Reactivity of [(Cp<sup>*<\/sup>CoPh)(Cp<sup>*<\/sup>Co)(<em>\u03bc<\/em>-TePh)(<em>\u03bc<\/em>&#8211;<em>\u0138<\/em><sup>2<\/sup>-Te,H-TeBH<sub>3<\/sub>)] towards [M(CO)<sub>5<\/sub>\u00b7THF] (M = Mo and W), CS<sub>2<\/sub> and [Fe<sub>2<\/sub>(CO)<sub>9<\/sub>]: A. N. Pradhan, S. Bairagi and S. Ghosh, <em>Inorg. Chem.<\/em>, <strong>2024<\/strong>, <em>63<\/em>, 15648. [<a href=\"https:\/\/doi.org\/10.1021\/acs.inorgchem.4c01430\">pdf<\/a>]<\/li>\n<li style=\"text-align: justify; line-height: 18px; margin-top: 18px;\">Polyhedral and Macropolyhedral Metal-Rich Cobaltaboranes: A 25-Vertex Hourglass-Shaped Cluster: S. Giri, C. Nandi, P. Nampi, R. M. Parmar and S. Ghosh, <em>Inorg. Chem.<\/em>, <strong>2024<\/strong>, <em>63<\/em>, 11639. [<a href=\"https:\/\/doi.org\/10.1021\/acs.inorgchem.4c00955\">pdf<\/a>] <em>(Invited article for ACS Special Issue Celebrating the CRSI 25th Anniversary)<\/em><\/li>\n<li style=\"text-align: justify; line-height: 18px; margin-top: 18px;\">Synthesis, Structures and Bonding of Group 6 Thio-complexes: S. Mohapatra, A. Haridas, M. Kumar and S. Ghosh, <em>Inorg. Chim. Acta<\/em>, <strong>2024<\/strong>, <em>571<\/em>, 122205. [<a href=\"https:\/\/doi.org\/10.1016\/j.ica.2024.122205\">pdf<\/a>] <em>(Invited article for Special issue in honour to Professor Ashutosh Ghosh)<\/em><\/li>\n<li style=\"text-align: justify; line-height: 18px; margin-top: 18px;\">Bimetallic Perthiocarbonate Complexes of Cobalt: Synthesis, Structure and Bonding: A. N. Pradhan, S. Mishra, U. Kaur, B. K. Rout, J.-F. Halet and S. Ghosh, <em>Molecules<\/em>, <strong>2024<\/strong>, <em>29<\/em>, 2688. [<a href=\"https:\/\/doi.org\/10.3390\/molecules29112688\">pdf<\/a>] <em>(Invited article for Exclusive Feature Papers in Inorganic Chemistry 2.0)<\/em><\/li>\n<li style=\"text-align: justify; line-height: 18px; margin-top: 18px;\">Borate ligand derived from CS<sub>2<\/sub> unveiling ruthenium dithioformate and trithia-borinane complexes: A. Ahmad, S. Gayen, S. Mishra, Z. Afsan, L. Vendier and S. Ghosh, <em>Polyhedron<\/em>, <strong>2024<\/strong>, <em>256<\/em>, 116986. [<a href=\"https:\/\/doi.org\/10.1016\/j.poly.2024.116986\">pdf<\/a>] <em>(Invited article for ACCC9 Special Issue)<\/em><\/li>\n<li style=\"text-align: justify; line-height: 18px; margin-top: 18px;\">Syntheses, Structures, and Bonding of Boron Containing Niobium and Ruthenium Clusters Stabilized by Chalcogens: S. Bairagi, D. Chatterjee, A. De, M. Cordier, T. Roisnel and S. Ghosh, <em>J. Organomet. Chem.<\/em>, <strong>2024<\/strong>, <em>1012<\/em>, 123126. [<a href=\"https:\/\/doi.org\/10.1016\/j.jorganchem.2024.123126\">pdf<\/a>] <em>(Invited article for WT Wong Special Issue)<\/em><\/li>\n<li style=\"text-align: justify; line-height: 18px; margin-top: 18px;\">Synthesis, Structure and Bonding of Group 8 Transition Metal Germyl Complexes, [Cp<sup>*<\/sup>M {<em>\u03ba<\/em><sup>2<\/sup>-Ge,S-GeCl<sub>2<\/sub>C<sub>7<\/sub>H<sub>4<\/sub>NS<sub>2<\/sub>}(PPh<sub>3<\/sub>)] (M = Ru or Os): S. Saha, F. Assanar, A. Ahmad, A. Bains, S. Nagendran and S. Ghosh, <em>Organometallics<\/em>, <strong>2024<\/strong>, <em>43<\/em>, 718. [<a href=\"https:\/\/doi.org\/10.1021\/acs.organomet.3c00495\">pdf<\/a>]<\/li>\n<li style=\"text-align: justify; line-height: 18px; margin-top: 18px;\">Bridging Bis(boryl) and Borylene Species Stabilized in the Coordination Sphere of Ruthenium Metals: U. Kaur, S. Jaiswal, M. Cordier, B. P. T. Fokwa and S. Ghosh, <em>Organometallics<\/em>, <strong>2024<\/strong>, <em>43<\/em>, 617. [<a href=\"https:\/\/doi.org\/10.1021\/acs.organomet.3c00534\">pdf<\/a>]<\/li>\n<li style=\"text-align: justify; line-height: 18px; margin-top: 18px;\">Rule Breaker Boron Clusters: A New Class of Hypoelectronic Osmaborane Clusters [(Cp<sup>*<\/sup>Os)<sub>2<\/sub>B<sub>n<\/sub>H<sub>n<\/sub>] (n = 6-10): K. Kar, S. Kar and S. Ghosh, <em>Chem. Sci.<\/em>, <strong>2024<\/strong>, <em>15<\/em>, 4179. [<a href=\" https:\/\/doi.org\/10.1039\/D3SC06464F\">pdf<\/a>]<\/li>\n<li style=\"text-align: justify; line-height: 18px; margin-top: 18px;\">Doubly Base-Stabilised Diborane(4) and Borato-Boronium Species and Their Chemistry with Chalcogens: A. Ahmad, S. Gayen, S. Mishra, Z. Afsan, S. Bontemps and S. Ghosh, <em>Inorg. Chem.<\/em>, <strong>2024<\/strong>, <em>63<\/em>, 3376. [<a href=\"https:\/\/doi.org\/10.1021\/acs.inorgchem.3c03961\">pdf<\/a>]<\/li>\n<li style=\"text-align: justify; line-height: 18px; margin-top: 18px;\">Hetero-trimetallic Complexes Comprising Bridging Boryl and Borylene Ligands: An Experimental and Theoretical Study: S. Bairagi, S. Giri, D. K. Patel, D. Luong, B. P. T. Fokwa and S. Ghosh, <em>Dalton Trans.<\/em>, <strong>2024<\/strong>, <em>53<\/em>, 3191. [<a href=\"https:\/\/doi.org\/10.1039\/D3DT03907B\">pdf<\/a>]<\/li>\n<li style=\"text-align: justify; line-height: 18px; margin-top: 18px;\">Metal Rich Metallaboranes: Synthesis, Structure and Bonding of <em>pileo<\/em>-[(Cp<sup>*<\/sup>Ru)<sub>2<\/sub>M(CO)<sub>3<\/sub>(<em>\u00b5<\/em>-H)(<em>\u00b5<\/em>-E)(<em>\u00b5<\/em><sub>3<\/sub>-BH)B<sub>2<\/sub>H<sub>5<\/sub>] (M = Mo, W, E = CO, and M = Mn, E = H) Clusters: A. N. Pradhan, S. Jaiswal, M. Cordier, J.-F. Halet and S. Ghosh, <em>Inorganics<\/em>, <strong>2024<\/strong>, <em>12<\/em>, 7. [<a href=\"https:\/\/www.mdpi.com\/2304-6740\/12\/1\/7\">pdf<\/a>] <em>(Invited article for a special issue on Boron Chemistry: Fundamentals and Applications)<\/em><\/li>\n<li style=\"text-align: justify; line-height: 18px; margin-top: 18px;\">B-P Coupling: Metal Stabilized Phosphinoborate Complexes: S. Gayen, S. Shyamal, S. Mohapatra, P. K. S. Antharjanam and S. Ghosh, <em>Chem. Eur. J.<\/em>, <strong>2024<\/strong>, <em>30<\/em>, e202302362. [<a href=\"https:\/\/doi.org\/10.1002\/chem.202302362\">pdf<\/a>]<em> (Invited article for a special issue on Special Collection: p-block elements)<\/em><\/li>\n<li style=\"text-align: justify; line-height: 18px; margin-top: 18px;\">Transition Metal Triple-decker Sandwich Complexes Containing Group 13 Elements: D. Chatterjee, S. Bairagi and S. Ghosh, <em>Chem. Asian J.<\/em>, <strong>2024<\/strong>, <em>12<\/em>, e202300864. [<a href=\" https:\/\/doi.org\/10.1002\/asia.202300864\">pdf<\/a>]<\/li>\n<\/ol>\n<\/div>\n\t\t<\/div><\/div><\/div><\/div>\n\n\n<p><\/p>\n","protected":false},"excerpt":{"rendered":"","protected":false},"author":1,"featured_media":0,"parent":0,"menu_order":0,"comment_status":"closed","ping_status":"closed","template":"","meta":[],"_links":{"self":[{"href":"https:\/\/chem.iitm.ac.in\/Faculty\/ghosh\/index.php?rest_route=\/wp\/v2\/pages\/1462"}],"collection":[{"href":"https:\/\/chem.iitm.ac.in\/Faculty\/ghosh\/index.php?rest_route=\/wp\/v2\/pages"}],"about":[{"href":"https:\/\/chem.iitm.ac.in\/Faculty\/ghosh\/index.php?rest_route=\/wp\/v2\/types\/page"}],"author":[{"embeddable":true,"href":"https:\/\/chem.iitm.ac.in\/Faculty\/ghosh\/index.php?rest_route=\/wp\/v2\/users\/1"}],"replies":[{"embeddable":true,"href":"https:\/\/chem.iitm.ac.in\/Faculty\/ghosh\/index.php?rest_route=%2Fwp%2Fv2%2Fcomments&post=1462"}],"version-history":[{"count":312,"href":"https:\/\/chem.iitm.ac.in\/Faculty\/ghosh\/index.php?rest_route=\/wp\/v2\/pages\/1462\/revisions"}],"predecessor-version":[{"id":3333,"href":"https:\/\/chem.iitm.ac.in\/Faculty\/ghosh\/index.php?rest_route=\/wp\/v2\/pages\/1462\/revisions\/3333"}],"wp:attachment":[{"href":"https:\/\/chem.iitm.ac.in\/Faculty\/ghosh\/index.php?rest_route=%2Fwp%2Fv2%2Fmedia&parent=1462"}],"curies":[{"name":"wp","href":"https:\/\/api.w.org\/{rel}","templated":true}]}}